55?
5, 25734931
What are the prime factors of 33553011?
3, 11184337
List the prime factors of 30403512.
2, 3, 46919
List the prime factors of 1833164121.
3, 611054707
List the prime factors of 23778478.
2, 17, 699367
List the prime factors of 766792330.
2, 5, 76679233
What are the prime factors of 137936750?
2, 5, 7, 23, 149
What are the prime factors of 20093772?
2, 3, 41, 40841
What are the prime factors of 85535057?
53, 577, 2797
List the prime factors of 17849266.
2, 8924633
What are the prime factors of 1860433292?
2, 23, 20222101
What are the prime factors of 221313696?
2, 3, 2305351
What are the prime factors of 35271333?
3, 3919037
List the prime factors of 831411146.
2, 17, 24453269
What are the prime factors of 100961713?
613, 164701
What are the prime factors of 17955225?
3, 5, 79801
What are the prime factors of 2174633768?
2, 41, 179, 37039
List the prime factors of 540453333.
3, 7, 23, 1118951
What are the prime factors of 64461270?
2, 3, 5, 2148709
What are the prime factors of 34908710?
2, 5, 23, 6599
What are the prime factors of 105998795?
5, 7, 3028537
What are the prime factors of 471866236?
2, 117966559
List the prime factors of 4934236710.
2, 3, 5, 13, 12651889
What are the prime factors of 420988293?
3, 11, 1417469
What are the prime factors of 91474865?
5, 18294973
List the prime factors of 256735146.
2, 3, 42789191
What are the prime factors of 3290805764?
2, 822701441
What are the prime factors of 80043206?
2, 40021603
What are the prime factors of 110584424?
2, 29, 109, 4373
List the prime factors of 443962640.
2, 5, 11, 73, 6911
What are the prime factors of 2019083002?
2, 25997, 38833
What are the prime factors of 3709353469?
751, 1321, 3739
What are the prime factors of 626555104?
2, 7, 2797121
What are the prime factors of 863129190?
2, 3, 5, 7, 11, 373649
What are the prime factors of 638636749?
313, 953, 2141
What are the prime factors of 28976871?
3, 7, 11, 125441
List the prime factors of 192833167.
373, 516979
What are the prime factors of 17778113?
2543, 6991
What are the prime factors of 5606324?
2, 1061, 1321
List the prime factors of 20636900.
2, 5, 206369
List the prime factors of 2948487594.
2, 3, 13, 29, 59, 22093
What are the prime factors of 704782232?
2, 7, 11, 151, 7577
What are the prime factors of 1808906784?
2, 3, 29, 649751
List the prime factors of 531145859.
89, 5967931
What are the prime factors of 471200961?
3, 7, 11, 29, 31, 2269
List the prime factors of 4947153657.
3, 151, 10920869
What are the prime factors of 2752776843?
3, 31, 29599751
List the prime factors of 2186805166.
2, 7, 13, 17, 613, 1153
List the prime factors of 4326750.
2, 3, 5, 641
What are the prime factors of 1252106214?
2, 3, 167, 281, 4447
List the prime factors of 288766339.
288766339
List the prime factors of 2268399106.
2, 6073, 186761
What are the prime factors of 5894380771?
35491, 166081
What are the prime factors of 226086580?
2, 5, 11304329
List the prime factors of 502737226.
2, 17, 19, 71, 97, 113
List the prime factors of 473476247.
137, 3456031
List the prime factors of 11659440.
2, 3, 5, 13, 37, 101
List the prime factors of 515391641.
515391641
List the prime factors of 34960189.
11, 3178199
List the prime factors of 633992809.
29, 73, 299477
List the prime factors of 400241396.
2, 100060349
List the prime factors of 348815595.
3, 5, 23254373
What are the prime factors of 1479490863?
3, 41, 47, 255923
What are the prime factors of 8035866?
2, 3, 17, 26261
What are the prime factors of 139391003?
431, 323413
List the prime factors of 2888978502.
2, 3, 139, 3464003
List the prime factors of 90501178.
2, 1061, 42649
List the prime factors of 58086384.
2, 3, 89, 13597
List the prime factors of 369475004.
2, 127, 727313
List the prime factors of 90988064.
2, 2843377
List the prime factors of 789310653.
3, 1637, 160723
What are the prime factors of 18927247?
18927247
List the prime factors of 253186386.
2, 3, 42197731
What are the prime factors of 290561332?
2, 47, 1545539
What are the prime factors of 4609790187?
3, 41, 101, 371069
What are the prime factors of 302138533?
302138533
List the prime factors of 231096557.
359, 643723
What are the prime factors of 183345724?
2, 45836431
List the prime factors of 66669621.
3, 22223207
List the prime factors of 1159772547.
3, 163, 1301, 1823
List the prime factors of 202524885.
3, 5, 4500553
What are the prime factors of 45060939?
3, 7, 11, 1327
List the prime factors of 111548481.
3, 11, 227, 14891
List the prime factors of 288421503.
3, 4283, 22447
List the prime factors of 515306332.
2, 128826583
What are the prime factors of 299976128?
2, 113, 41479
What are the prime factors of 83618239?
179, 467141
What are the prime factors of 133533842?
2, 13, 5135917
What are the prime factors of 31085338?
2, 15542669
List the prime factors of 232018298.
2, 116009149
List the prime factors of 29808917.
419, 71143
List the prime factors of 1922797016.
2, 7, 34335661
What are the prime factors of 90425498?
2, 857, 52757
What are the prime factors of 41159622?
2, 3, 7, 97, 10103
What are the prime factors of 719705102?
2, 73, 853, 5779
List the prime factors of 22914417.
3, 23, 313, 1061
What are the prime factors of 38634539?
38634539
List the prime factors of 335730642.
2, 3, 13, 691, 6229
What are the prime factors of 1763561706?
2, 3, 16073, 18287
List the prime factors of 41186493.
3, 4576277
What are the prime factors of 4644966195?
3, 5, 19, 239, 7577
List the prime factors of 88589487.
3, 7, 4218547
What are the prime factors of 779281?
107, 7283
List the prime factors of 118116635.
5, 7, 13, 19, 1051
List the prime factors of 38096445.
3, 5, 331, 7673
What are the prime factors of 85658105?
5, 13, 1317817
List the prime factors of 3959406.
2, 3, 11, 19997
What are the prime factors of 670478368?
2, 7, 17, 25153
What are the prime factors of 377981960?
2, 5, 9449549
What are the prime factors of 110462872?
2, 13, 17, 43, 1453
List the prime factors of 146908264.
2, 2237, 8209
List the prime factors of 3459429768.
2, 3, 144142907
What are the prime factors of 701583321?
3, 233861107
What are the prime factors of 827926912?
2, 6468179
What are the prime factors of 16612095?
3, 5, 23, 179, 269
List the prime factors of 246393196.
2, 7, 8799757
What are the prime factors of 120161670?
2, 3, 5, 503, 7963
List the prime factors of 840981601.
367, 421, 5443
What are the prime factors of 462939304?
2, 113, 512101
List the prime factors of 1611727499.
397, 1949, 2083
List the prime factors of 68941952.
2, 37, 14557
List the prime factors of 3613631207.
8387, 430861
List the prime factors of 62179806.
2, 3, 13, 43, 18539
What are the prime factors of 132473184?
2, 3, 1379929
What are the prime factors of 1587211715?
5, 17, 23, 499, 1627
List the prime factors of 272269885.
5, 1237, 44021
What are the prime factors of 17694788?
2, 4423697
What are the prime factors of 627183099?
3, 1499, 46489
What are the prime factors of 897047438?
2, 7, 64074817
What are the prime factors of 29184509?
47, 620947
List the prime factors of 17377205.
5, 31, 112111
What are the prime factors of 4290999276?
2, 3, 73, 1823, 2687
What are the prime factors of 1111778618?
2, 173, 3213233
What are the prime factors of 37863887?
547, 69221
List the prime factors of 2037414132.
2, 3, 13, 43, 137, 739
What are the prime factors of 14685635?
5, 2937127
What are the prime factors of 26722215?
3, 5, 13, 17, 2687
List the prime factors of 1280216854.
2, 7, 91444061
What are the prime factors of 6716934446?
2, 3358467223
List the prime factors of 204645049.
7, 83, 352229
List the prime factors of 1924877725.
5, 76995109
List the prime factors of 1468792811.
23, 37, 1725961
What are the prime factors of 4805205563?
23, 563, 371087
What are the prime factors of 2375297520?
2, 3, 5, 59, 167747
List the prime factors of 309303037.
379, 816103
What are the prime factors of 328998923?
11, 23, 1300391
What are the prime factors of 1601679188?
2, 400419797
What are the prime factors of 2488642641?
3, 41, 6744289
What are the prime factors of 123218865?
3, 5, 7, 11, 43, 827
List the prime factors of 1809485318.
2, 15227, 59417
What are the prime factors of 816432977?
816432977
List the prime factors of 66599843.
7